{"id":891,"date":"2020-10-27T12:44:48","date_gmt":"2020-10-27T12:44:48","guid":{"rendered":"http:\/\/www.clessefrance.fr\/compacti\/?page_id=891"},"modified":"2020-12-03T11:23:51","modified_gmt":"2020-12-03T11:23:51","slug":"gdpr","status":"publish","type":"page","link":"https:\/\/www.clessefrance.fr\/compacti\/gdpr\/","title":{"rendered":"GDPR"},"content":{"rendered":"[vc_row wpex_zindex=&#8221;-1&#8243;][vc_column]<div class=\"templatera_shortcode\"><div id=\"bottlesTOP\" data-vc-full-width=\"true\" data-vc-full-width-init=\"false\" data-vc-stretch-content=\"true\" class=\"vc_row wpb_row vc_row-fluid bottlesTOP vc_custom_1601027406851 vc_row-no-padding wpex-vc_row-has-fill wpex-vc-row-stretched wpex-vc-has-custom-column-spacing wpex-vc-column-spacing-0px\" style=\"z-index:-1!important;min-height:236px;background-position:center bottom !important;\"><div class=\"wpb_column vc_column_container vc_col-sm-12 vc_hidden-sm vc_hidden-xs\"><div class=\"vc_column-inner\"><div class=\"wpb_wrapper\"><\/div><\/div><\/div><\/div><div class=\"vc_row-full-width vc_clearfix\"><\/div><\/div>[\/vc_column][\/vc_row][vc_row css=&#8221;.vc_custom_1603802655506{margin-bottom: 98px !important;}&#8221;][vc_column][vc_column_text text_align=&#8221;center&#8221; color=&#8221;#ffffff&#8221;]\n<h3>Disponible tr\u00e8s prochainement<\/h3>\n[\/vc_column_text][\/vc_column][\/vc_row][vc_row][vc_column]<div class=\"templatera_shortcode\"><div class=\"vc_row wpb_row vc_row-fluid\"><div class=\"wpb_column vc_column_container vc_col-sm-12\"><div class=\"vc_column-inner\"><div class=\"wpb_wrapper\">\n\t<div class=\"wpb_text_column wpb_content_element \" >\n\t\t<div class=\"wpb_wrapper\">\n\t\t\t<h2 style=\"text-align: center;\"><span style=\"font-size: 14px;\"><a href=\"http:\/\/www.clessefrance.fr\/compacti\/whats-inside-that-counts\/\">Ce qui compte est \u00e0 l'int\u00e9rieur<\/a> \u00a0 | \u00a0 <a href=\"http:\/\/www.clessefrance.fr\/compacti\/operating-principle\/\">Principe de fonctionnement<\/a> \u00a0 | \u00a0 <a href=\"http:\/\/www.clessefrance.fr\/compacti\/products-service-packages\/\">Produits<\/a> \u00a0 | \u00a0 <a href=\"http:\/\/www.clessefrance.fr\/compacti\/service-package-comparisons\/\">Comparaison des offres<\/a> \u00a0 | \u00a0 <a href=\"http:\/\/www.clessefrance.fr\/compacti\/instructions\/\">Notice<\/a><\/span><br \/>\n<span style=\"font-size: 14px;\"><a href=\"http:\/\/www.clessefrance.fr\/compacti\/downloads\/\">T\u00e9l\u00e9chargements<\/a> \u00a0 | \u00a0 <a href=\"http:\/\/www.clessefrance.fr\/compacti\/frequently-asked-questions\/\">FAQ'S<\/a> \u00a0 | \u00a0 <a href=\"http:\/\/www.clessefrance.fr\/compacti\/how-to-videos\/\">\"How to\" videos\u00a0 <\/a>\u00a0| \u00a0 <a href=\"http:\/\/www.clessefrance.fr\/compacti\/gdpr\/\">GDRP<\/a> \u00a0 | \u00a0 <a href=\"http:\/\/www.clessefrance.fr\/contact-home\/\">Contact\u00a0 <\/a>\u00a0| \u00a0 <a href=\"http:\/\/www.clessefrance.fr\/compacti\/warranty\/\">Garantie<\/a><\/span><\/h2>\n\n\t\t<\/div>\n\t<\/div>\n<\/div><\/div><\/div><\/div><\/div>[\/vc_column][\/vc_row]\n","protected":false},"excerpt":{"rendered":"Disponible tr\u00e8s prochainement Ce qui compte est \u00e0 l'int\u00e9rieur \u00a0 | \u00a0 Principe de fonctionnement \u00a0 | \u00a0 Produits \u00a0 | \u00a0 Comparaison des offres \u00a0 | \u00a0 Notice T\u00e9l\u00e9chargements \u00a0 | \u00a0 FAQ'S \u00a0 | \u00a0 \"How to\" videos\u00a0&hellip;","protected":false},"author":1,"featured_media":0,"parent":0,"menu_order":0,"comment_status":"closed","ping_status":"closed","template":"","meta":{"footnotes":""},"class_list":["post-891","page","type-page","status-publish","hentry","entry","no-media"],"_links":{"self":[{"href":"https:\/\/www.clessefrance.fr\/compacti\/wp-json\/wp\/v2\/pages\/891","targetHints":{"allow":["GET"]}}],"collection":[{"href":"https:\/\/www.clessefrance.fr\/compacti\/wp-json\/wp\/v2\/pages"}],"about":[{"href":"https:\/\/www.clessefrance.fr\/compacti\/wp-json\/wp\/v2\/types\/page"}],"author":[{"embeddable":true,"href":"https:\/\/www.clessefrance.fr\/compacti\/wp-json\/wp\/v2\/users\/1"}],"replies":[{"embeddable":true,"href":"https:\/\/www.clessefrance.fr\/compacti\/wp-json\/wp\/v2\/comments?post=891"}],"version-history":[{"count":3,"href":"https:\/\/www.clessefrance.fr\/compacti\/wp-json\/wp\/v2\/pages\/891\/revisions"}],"predecessor-version":[{"id":1349,"href":"https:\/\/www.clessefrance.fr\/compacti\/wp-json\/wp\/v2\/pages\/891\/revisions\/1349"}],"wp:attachment":[{"href":"https:\/\/www.clessefrance.fr\/compacti\/wp-json\/wp\/v2\/media?parent=891"}],"curies":[{"name":"wp","href":"https:\/\/api.w.org\/{rel}","templated":true}]}}

[vc_row wpex_zindex=&#8221;-1&#8243;][vc_column]<div class="templatera_shortcode"><div id="bottlesTOP" data-vc-full-width="true" data-vc-full-width-init="false" data-vc-stretch-content="true" class="vc_row wpb_row vc_row-fluid bottlesTOP vc_custom_1601027406851 vc_row-no-padding wpex-vc_row-has-fill wpex-vc-row-stretched wpex-vc-has-custom-column-spacing wpex-vc-column-spacing-0px" style="z-index:-1!important;min-height:236px;background-position:center bottom !important;"><div class="wpb_column vc_column_container vc_col-sm-12 vc_hidden-sm vc_hidden-xs"><div class="vc_column-inner"><div class="wpb_wrapper"></div></div></div></div><div class="vc_row-full-width vc_clearfix"></div></div>[/vc_column][/vc_row][vc_row css=&#8221;.vc_custom_1603802655506{margin-bottom: 98px !important;}&#8221;][vc_column][vc_column_text text_align=&#8221;center&#8221; color=&#8221;#ffffff&#8221;]
<h3>Disponible très prochainement</h3>
[/vc_column_text][/vc_column][/vc_row][vc_row][vc_column]<div class="templatera_shortcode"><div class="vc_row wpb_row vc_row-fluid"><div class="wpb_column vc_column_container vc_col-sm-12"><div class="vc_column-inner"><div class="wpb_wrapper">
	<div class="wpb_text_column wpb_content_element " >
		<div class="wpb_wrapper">
			<h2 style="text-align: center;"><span style="font-size: 14px;"><a href="http://www.clessefrance.fr/compacti/whats-inside-that-counts/">Ce qui compte est à l'intérieur</a>   |   <a href="http://www.clessefrance.fr/compacti/operating-principle/">Principe de fonctionnement</a>   |   <a href="http://www.clessefrance.fr/compacti/products-service-packages/">Produits</a>   |   <a href="http://www.clessefrance.fr/compacti/service-package-comparisons/">Comparaison des offres</a>   |   <a href="http://www.clessefrance.fr/compacti/instructions/">Notice</a></span><br />
<span style="font-size: 14px;"><a href="http://www.clessefrance.fr/compacti/downloads/">Téléchargements</a>   |   <a href="http://www.clessefrance.fr/compacti/frequently-asked-questions/">FAQ'S</a>   |   <a href="http://www.clessefrance.fr/compacti/how-to-videos/">"How to" videos  </a> |   <a href="http://www.clessefrance.fr/compacti/gdpr/">GDRP</a>   |   <a href="http://www.clessefrance.fr/contact-home/">Contact  </a> |   <a href="http://www.clessefrance.fr/compacti/warranty/">Garantie</a></span></h2>

		</div>
	</div>
</div></div></div></div></div>[/vc_column][/vc_row]

Disponible très prochainement Ce qui compte est à l'intérieur   |   Principe de fonctionnement   |   Produits   |   Comparaison des offres   |   Notice Téléchargements   |   FAQ'S   |   "How to" videos &hellip;
